 Let r(c) = 3*c + 12 + 8 + 1. List the prime factors of r(a).
2, 3
Let p(m) = 349*m**3 - 4*m**2 - 4*m - 1. Let g be p(-1). Let w = 15 - g. List the prime factors of w.
5, 73
Let x = 68 + -58. Suppose x*o + 500 = 12*o. Suppose o = 2*m + 52. List the prime factors of m.
3, 11
Let a(f) = 2*f**2 - 7*f - 10. Let p be a(6). Let b(k) = 5*k - 49. Let r be b(p). Suppose -r*h + 46*h = -720. List the prime factors of h.
2, 3
Let m(k) = 7*k - 111. Let o be m(-30). Let z = o + 565. List the prime factors of z.
2, 61
Let u be (2572/(-16) - -6)*-4. Let i = u - -10. List the prime factors of i.
17, 37
List the prime factors of 1/((-2)/(-7406)) + (-118 - -119).
2, 463
Suppose -316*n + 77*n + 133*n + 2396130 = 0. What are the prime factors of n?
3, 5, 11, 137
Let s be (-2)/(-3 - 42/(-12)). List the prime factors of (1 + 0 + 110/s)*-30.
3, 5, 53
Suppose 20 = 4*u, 2*x = 6*u - u - 13. What are the prime factors of 756 - 24/3 - (2 - x)?
2, 47
Let j be 608/10*(8 + 54/12). Let z = j + -358. What are the prime factors of z?
2, 3, 67
Let p be (-7)/(-1 - (-24)/28). Suppose 38 + 577 = 5*f. Let h = f - p. List the prime factors of h.
2, 37
Let h(m) = m**2 + 32*m - 129. Let i(r) = -3*r**2 + 50*r - 20. Let d be i(17). What are the prime factors of h(d)?
2, 7
Suppose -24*d + 794720 = 75*d + 170327. What are the prime factors of d?
7, 17, 53
Suppose 17*k - 5*k - 324 = 0. Let z = 67 - k. List the prime factors of z.
2, 5
Suppose -4*j - 7 + 23 = 0. Let t(d) = 25*d - 40. Let w(x) = 3*x - 3. Let g(o) = -t(o) + 10*w(o). What are the prime factors of g(j)?
2, 3, 5
Let b = 7922 + 5826. List the prime factors of b.
2, 7, 491
Suppose -349 = m - 993. Let j = -381 + m. What are the prime factors of j?
263
Let d(f) = 70*f**2 + 2*f - 1. Let p be d(1). Let n = p + -69. Let g(w) = 2*w**2 + 2*w - 3. List the prime factors of g(n).
3
Let o(k) = -15*k + 3 + 11 - 2*k**2 - 4. Let f be o(-8). Suppose -144 = -2*j + 5*v, f*j + 4*v = 2*v + 158. What are the prime factors of j?
7, 11
Suppose 2*h + 2*h + 12 = 0. List the prime factors of 1/h - ((-2200)/(-12))/(-1).
3, 61
Suppose 0*x + 4*x - 12 = 0. Let o = 261 + x. What are the prime factors of o?
2, 3, 11
Let c(h) = -8*h - h**3 - 15 - 50*h**2 + 26*h**2 - 43. List the prime factors of c(-24).
2, 67
Let n(t) = -13*t - 7. Let s(r) = -r**3 - r**2 + 6*r + 10. Let w be s(-3). Let i be 9/(-7) - w/(-35). List the prime factors of n(i).
2, 3
Suppose c = 5*i + 480, 33 = 5*c - 5*i - 2447. Suppose -1 = -k + 2. Suppose -5*v + c = 2*w, -3*v - 8*w + 281 = -k*w. List the prime factors of v.
2, 3, 17
Suppose 0 = 5*z - 5*b + 10, 0 = -6*z + 7*z + 5*b + 8. What are the prime factors of (0 + 26/(-4))/(z/6)?
13
Let a(m) = 185*m + 1. Suppose g = 16 - 7. Let f be a(g). List the prime factors of 14/(-21)*(f/(-4) + 1).
277
Let u = -67 + 72. Suppose -469 = -u*k + 1431. What are the prime factors of k?
2, 5, 19
Suppose 0 = -6236*v + 6245*v - 1053. Let l = 26 + -18. Let h = v - l. What are the prime factors of h?
109
Let c be (-679)/(-4) - (-6)/(-8). Let s(r) = -r**2 + 19*r - 31. Let w be s(17). Suppose -w*i + 532 = c. What are the prime factors of i?
11
List the prime factors of (-13052)/(-4)*21*(-7)/(-21).
7, 13, 251
Suppose 11 = 2*y + 3*s, -4*s = -2*y - y + 8. Suppose -o + 5*a + 18 = a, -y = a. List the prime factors of (-5)/(3/12*(-1)/o).
2, 5
Let d(o) = -o**3 + 17*o**2 + 20*o - 20. Let g be d(16). Suppose 0 = 3*v - 2*v - w - 188, g = 3*v + 5*w. What are the prime factors of v?
11, 17
Let j(f) = 21*f - 49. Let c = -59 - -70. Let x be j(c). Let a = x + -51. List the prime factors of a.
131
Let p(f) = -f**3 - 9*f**2 - 8*f - 9. Let c = -31 - -35. Suppose -2*d + 4*d + c*n = 2, -3*d = n + 22. What are the prime factors of p(d)?
3, 7
Let n(p) = p**3 - 67*p**2 - 4*p + 327. What are the prime factors of n(70)?
14747
Suppose -2*u = -14*u + 36. Suppose -370 = 5*f - 2*a - 2556, u*f - 3*a = 1317. Suppose -3*q + 7*q = f. What are the prime factors of q?
109
Let r be (5 - (-6 + 6)) + -3. Suppose -3*w + 3*z = r*w - 2290, 0 = w - 5*z - 458. What are the prime factors of w?
2, 229
Suppose -10*u + 7*u = -5*w - 44, -2*u + 5*w = -26. List the prime factors of 4774/9 + (-8)/u.
2, 5, 53
Let l = 441 - 365. What are the prime factors of -2*(2/1)/(l/(-13091))?
13, 53
Let s(p) = p**3 + 14*p**2 + 12*p - 13. Suppose -70 = 5*r + 5*z, 5*z - 34 = 3*r - 0*r. Let h be s(r). What are the prime factors of h - (2/7 - 2127/21)?
101
Suppose -223*g = -212*g - 1188. Let t(b) = -b - 6. Let m be t(-5). Let r = m + g. What are the prime factors of r?
107
Suppose -10144 = -2*b + 28*d - 32*d, -5*b + 25420 = -5*d. List the prime factors of b.
2, 5, 127
Let i(v) = 67*v**2 + 2866*v - 67. What are the prime factors of i(-51)?
2, 107, 131
Suppose -59 + 68 = k. Let d = k - -1. Suppose 8*t = d*t - 590. What are the prime factors of t?
5, 59
Let n(z) be the second derivative of -z**4/3 + z**3/6 + 483*z**2/2 + 118*z. List the prime factors of n(0).
3, 7, 23
Let k be 4/14 - (5 - (-376)/(-56)). Suppose -3*w + 1239 = 3*g - w, -839 = -k*g + 3*w. What are the prime factors of g?
5, 83
Let m = 785 + -490. Let u = -131 + m. Let n = -61 + u. What are the prime factors of n?
103
Suppose -3*c - 8393 = -p + 10225, 5*c + 37244 = 2*p. List the prime factors of p.
2, 3, 13, 239
Let s(g) = 389*g**3 + g - 1. Let u be (4/2)/(-10*(-2)/10). List the prime factors of s(u).
389
Suppose 4*i + 2*p - 117068 = 0, 34*p + 2 = 35*p. What are the prime factors of i?
2, 14633
Let m be (-2 - -1 - -1)/(-12 - -10). Let t = 69 + m. Let h = 222 - t. What are the prime factors of h?
3, 17
Let p(i) = -101*i - 10 - 78*i - 10*i - 34*i. What are the prime factors of p(-3)?
659
Suppose 3*p = 4*p - 5*a + 18, 4*a - 16 = 0. List the prime factors of (p - 1) + (647 - -6).
2, 3, 109
Let y(z) = 2*z**2 - 2*z + 8. Let c be y(5). Let t = -42 + c. Suppose -p + t - 1 = 0. List the prime factors of p.
5
Suppose -226 = 14*c - 618. Suppose 8310 = c*q - 9246. List the prime factors of q.
3, 11, 19
Let q(l) = -227*l + 3. Let r be 2/4*248/(-62). List the prime factors of q(r).
457
Let s = 116 + -112. Suppose 4*h - 3504 + 1416 = 4*c, s*c = 5*h - 2609. What are the prime factors of h?
521
Suppose 62*s + 103287 + 75873 = 86*s. What are the prime factors of s?
5, 1493
Suppose 0 = -119*p - 75*p + 2942980. List the prime factors of p.
2, 5, 37, 41
Let s(i) = 272*i + 9. Let x be s(-2). Let q = -248 - x. Suppose -2*y = -5*a + q, -5*y - 280 = -5*a - 10*y. What are the prime factors of a?
3, 19
Let n = 7123 + 1330. List the prime factors of n.
79, 107
Let z(g) = 26*g + 274. List the prime factors of z(9).
2, 127
Suppose -903093 - 411703 = -167*i + 573974. List the prime factors of i.
2, 3, 5, 13, 29
Suppose -3 = -x, -588 = 3*c - 4*c - 3*x. Let t = c - 322. What are the prime factors of t?
257
Suppose o - 11*o + 75*o = 1185340. What are the prime factors of o?
2, 47, 97
Suppose 0 = 6*q + 1 - 19. Suppose -5*t + 501 = 3*v, -4*t + 284 = -q*v - 106. List the prime factors of t.
3, 11
Suppose -8*b = -31*b - 72*b + 6033925. What are the prime factors of b?
5, 12703
Let p(q) = 6*q**2 + 5*q + 9. Let l(s) = s - 1. Let v(j) = 3*j + 15. Let b(z) = -l(z) + v(z). Let m be b(-10). List the prime factors of p(m).
5, 17
Suppose 12*t - 9*t = -8*r + 68427, -2*r + t + 17105 = 0. What are the prime factors of r?
3, 2851
Suppose 2*a + 9412 = 3*i, 7*a - 4*a = 3*i - 9408. Let y = i - 1623. What are the prime factors of y?
37, 41
Suppose 449*w - 421*w - 75040 = 0. List the prime factors of w.
2, 5, 67
Let g = -6967 - -9779. What are the prime factors of g?
2, 19, 37
Let b(d) = 928*d**2 + 83*d + 694. What are the prime factors of b(-10)?
2, 3, 11, 13
Let x(q) = -2*q**3 - 3*q**2 + 4*q + 1. Let b = -29 + 26. Let a be x(b). Suppose -a*w + 306 = -10*w. What are the prime factors of w?
3, 17
List the prime factors of 54 + -33 + (-73168)/(-1).
73189
Let b(l) = 21*l**2 - 9*l - 15. Let f be b(-2). Let z = f - 88. Let d(h) = 166*h**2. List the prime factors of d(z).
2, 83
Let o = 466 + -1272. List the prime factors of o/(-10) - ((-378)/(-30) + -13).
3
Suppose 5*g + 3*j = 47111, j = -8*g + 12*g - 37699. List the prime factors of g.
2, 19, 31
Let m(h) = 126 + 44*h - 24 - 43*h + h**2. List the prime factors of m(0).
2, 3, 17
Suppose 7894*v - 259716 = 7882*v. List the prime factors of v.
23, 941
Suppose -2*q = -6*q - 2*n + 1194